{"id":2565,"date":"2025-07-29T13:33:45","date_gmt":"2025-07-29T13:33:45","guid":{"rendered":"https:\/\/sincomavi.net\/?post_type=job_listing&#038;p=2565"},"modified":"2025-07-29T14:25:07","modified_gmt":"2025-07-29T14:25:07","slug":"sao-francisco-madeiras-e-ferragens","status":"publish","type":"job_listing","link":"https:\/\/sincomavi.net\/index.php\/vaga\/sao-francisco-madeiras-e-ferragens\/","title":{"rendered":"S\u00e3o Francisco Madeiras e Ferragens"},"content":{"rendered":"<p>Loja de madeiras e ferragens em S\u00e3o Paulo, na Barra Funda. Trabalhamos com madeirite (rosa e plastificado), MDF, t\u00e1buas, vigas, caibros, portas, batentes, guarni\u00e7\u00f5es, compensados e ferragens em geral como pregos, fechaduras, espumas e adesivos. Atendemos construtoras, marceneiros, arquitetos e reformas residenciais com entrega r\u00e1pida e corte sob medida. Com mais de 30 anos de experi\u00eancia, a S\u00e3o Francisco Madeiras e Ferragens \u00e9 refer\u00eancia em qualidade e variedade. Atendimento de segunda a sexta. Venha conferir o que temos para o seu projeto!<\/p>\n<p><strong>WhatsApp:<\/strong> (11) 95197-8926<\/p>\n","protected":false},"featured_media":2566,"comment_status":"closed","ping_status":"closed","template":"","meta":{"_promoted":"","_featured":1},"job-types":[459],"job_listing_tag":[559,596,598,480,597,592,593,538,594,595],"class_list":{"0":"post-2565","1":"job_listing","2":"type-job_listing","3":"status-publish","4":"has-post-thumbnail","5":"hentry","6":"job_listing_category-materialdeconstrucao","7":"job_listing_type-comerciovarejista","8":"job_listing_amenity-cartaodecredito","9":"job_listing_amenity-aceitapix","10":"job_listing_amenity-estacionamentogratuito","11":"job_listing_region-brasil","12":"job_listing_region-saopaulo","13":"job_listing_tag-batentes","14":"job_listing_tag-caibros","15":"job_listing_tag-compensados","16":"job_listing_tag-ferragens","17":"job_listing_tag-guarnicoes","18":"job_listing_tag-madeirite","19":"job_listing_tag-mdf","20":"job_listing_tag-portas","21":"job_listing_tag-tabuas","22":"job_listing_tag-vigas","24":"job-type-comercio-varejista","25":"job_position_featured"},"_links":{"self":[{"href":"https:\/\/sincomavi.net\/index.php\/wp-json\/wp\/v2\/job-listings\/2565","targetHints":{"allow":["GET"]}}],"collection":[{"href":"https:\/\/sincomavi.net\/index.php\/wp-json\/wp\/v2\/job-listings"}],"about":[{"href":"https:\/\/sincomavi.net\/index.php\/wp-json\/wp\/v2\/types\/job_listing"}],"replies":[{"embeddable":true,"href":"https:\/\/sincomavi.net\/index.php\/wp-json\/wp\/v2\/comments?post=2565"}],"wp:featuredmedia":[{"embeddable":true,"href":"https:\/\/sincomavi.net\/index.php\/wp-json\/wp\/v2\/media\/2566"}],"wp:attachment":[{"href":"https:\/\/sincomavi.net\/index.php\/wp-json\/wp\/v2\/media?parent=2565"}],"wp:term":[{"taxonomy":"job_listing_type","embeddable":true,"href":"https:\/\/sincomavi.net\/index.php\/wp-json\/wp\/v2\/job-types?post=2565"},{"taxonomy":"job_listing_tag","embeddable":true,"href":"https:\/\/sincomavi.net\/index.php\/wp-json\/wp\/v2\/job_listing_tag?post=2565"}],"curies":[{"name":"wp","href":"https:\/\/api.w.org\/{rel}","templated":true}]}}

São Francisco Madeiras e Ferragens

<p>Loja de madeiras e ferragens em São Paulo, na Barra Funda. Trabalhamos com madeirite (rosa e plastificado), MDF, tábuas, vigas, caibros, portas, batentes, guarnições, compensados e ferragens em geral como pregos, fechaduras, espumas e adesivos. Atendemos construtoras, marceneiros, arquitetos e reformas residenciais com entrega rápida e corte sob medida. Com mais de 30 anos de experiência, a São Francisco Madeiras e Ferragens é referência em qualidade e variedade. Atendimento de segunda a sexta. Venha conferir o que temos para o seu projeto!</p>
<p><strong>WhatsApp:</strong> (11) 95197-8926</p>
